se 3*h - h - 2*u - 414 = 0, 3*h = -3*u + 639. Suppose 0 = l - 996 + h. What is the units digit of l/(-8)*4/6*-2?
1
Let q = -22103 + 31172. What is the units digit of q?
9
Let z = 1694 + -120. What is the units digit of z?
4
Let x = -88 - -102. Let n be 2/(-10) + (-2266)/(-5). What is the units digit of 4/x + n/7?
5
Let f be ((-1)/(-3))/((-23)/345). Let k(q) = -194*q - 104. What is the units digit of k(f)?
6
Suppose 4*m + 3*g = -93, 0*g + 87 = -4*m - g. Let o be (1 + m)/(-5) - -1. Suppose 2*n + 381 = o*n. What is the units digit of n?
7
What is the ten thousands digit of 18064 + 159/(-15) + 3/5?
1
Suppose 0 = 4*n - 5*n - 0*n. Suppose -40 + n = -8*f. Suppose 3*y + 190 = 4*g, -160 - 76 = -f*g + 3*y. What is the units digit of g?
6
Let h = 151 - 134. Suppose -l + 3*r + 2 + 11 = 0, -h = -2*l + 3*r. Suppose l*y + 3*d = 5*d + 320, 2*d + 239 = 3*y. What is the tens digit of y?
8
Let u = -17625 + 64368. What is the units digit of u?
3
Let u(p) = -269*p - 605. What is the units digit of u(-42)?
3
Let h(q) = 72*q + 6834. What is the hundreds digit of h(0)?
8
Let c(q) = -348*q + 1248. What is the tens digit of c(-12)?
2
Suppose 1410*z = 1313*z + 539611. What is the tens digit of z?
6
Suppose -34*l + 10 = -35*l. Suppose -86 - 54 = -5*r. Let b = r + l. What is the units digit of b?
8
What is the units digit of (968 - -2)*((-289)/34 - -10)?
5
Suppose 4*z + 113 = -5*u, 3*u - 4*z + 40 = -15. What is the tens digit of 36/126 + (-2619)/u?
2
Suppose 76 = 14*f + 20. Suppose 2*n - 4*i = 2288, -f*i - 2285 = -2*n + i. What is the units digit of n?
0
Suppose -26 + 6 = -5*m. Suppose -4*w = -6 + 2, 696 = -5*s - m*w. What is the units digit of -15*(s/15)/2?
0
Suppose -17 + 7 = -3*d - o, -3*o + 12 = 0. What is the units digit of 40/(d + (-49)/28)?
0
What is the hundreds digit of ((-140653)/(-387))/(5/45)?
2
Let j = 4643 - 2325. Let v = -1598 + j. What is the tens digit of v?
2
Let o(c) = -4*c**3 + 15*c**2 + 37*c + 76. What is the hundreds digit of o(-12)?
7
Let w(i) = i**3 - 6*i**2 + 5*i - 27. Let u be w(6). Suppose 2*r - u = 1. What is the units digit of ((-2)/1 - 14)*(r + -4)?
2
Let y(c) = 31 + 38 + 97 + 127*c - 76*c. What is the hundreds digit of y(20)?
1
Suppose -588*w - 101300 = -4*l - 584*w, 0 = -l - 5*w + 25271. What is the ten thousands digit of l?
2
Suppose 0 - 11 = x. Let g(j) = j**3 + 11*j**2 - 2*j - 18. Let n be g(x). What is the tens digit of -2 + -3 + 60 + n?
5
Let w = 759 - 730. Suppose -w*s + 4329 + 3327 = 0. What is the units digit of s?
4
What is the hundreds digit of 1919 + (4/(-22) - 408/(-187))?
9
Let y(k) = -275*k - 211. Let h be 186/(-45) + (-26)/(-195). What is the hundreds digit of y(h)?
8
Suppose -56 + 280 = z. Let f = z - -171. What is the tens digit of f?
9
Suppose -5 = 3*m - 20. Let q be (-207)/(m/(1 + 4)). Let s = -140 - q. What is the tens digit of s?
6
Let l(o) = 15*o**2 - 28*o - 14. What is the ten thousands digit of l(-25)?
1
Let s = -32277 - -55880. What is the hundreds digit of s?
6
Let l(a) = 11*a**2 - 39*a - 588. What is the hundreds digit of l(-12)?
4
What is the thousands digit of (2/(-4))/((-24)/280272)?
5
Let y = 200 + -184. What is the units digit of (39/2 - 6)*y/6?
6
Let q = 37 - 35. Suppose 0 = -4*g + q*y + 2*y - 4, 0 = 4*g + y - 21. What is the units digit of 8 - 0/(-7 + g)?
8
Suppose 4*w + 11 - 43 = 0. What is the units digit of -371*((1280/35)/w + -6)?
0
What is the tens digit of (-8)/(-124) - 1488592/(-434)?
3
Let b(o) be the first derivative of -7*o**2/2 - 47*o + 32. Let f be b(-7). Let r = 114 - f. What is the units digit of r?
2
What is the tens digit of (-359331)/(-294)*7 + (-6)/4?
5
Let d(z) = -34*z + 5788. What is the thousands digit of d(-62)?
7
Suppose 505*q = 498*q + 2674. Let s = 902 - q. What is the tens digit of s?
2
What is the thousands digit of 172/1290 + (-4036848)/(-90)?
4
Let t(o) = 3*o**2 - 41*o + 9. Suppose -2*j - 4*v = -7*v - 24, -4*j + 56 = -2*v. What is the units digit of t(j)?
9
Suppose 0 = 5*q - 4*j - 13512, -3*q + 10803 = q - j. What is the hundreds digit of (-56)/10*q/(-40)?
3
What is the tens digit of 6/(16/3852*9)*8?
8
Let z(i) = 7*i**3 + 3*i**2 - 15*i + 169. What is the thousands digit of z(18)?
1
Let i(w) = 11*w + 46. Let t = 248 + -230. What is the hundreds digit of i(t)?
2
Suppose -24 = -4*k + 3*z - 5, 0 = -3*k - 5*z + 7. Suppose -18 = -5*f - k*f. What is the tens digit of 6/f + 10*17 + 3?
7
Let x(q) = -44*q**2 + 0*q**3 - 5*q - 3 + 15*q + 45*q**2 - q**3. What is the tens digit of x(-7)?
1
Suppose i - 5*i - 4*l + 32 = 0, 2*l = 10. Suppose 0 = 2*z - 2*o - 7 + i, -3*z + o + 8 = 0. What is the units digit of ((-5)/(-5))/(z/453)?
1
Let f = 8 + 1. Let h be f + 1 + 0/2. Suppose -h*x + 256 + 44 = 0. What is the tens digit of x?
3
Let m(o) = -16*o**3 - 44*o**2 - 8*o - 23. What is the units digit of m(-14)?
9
Let t = 13 + 10. Let r be (-1 - (-2)/6)*75/(-10). Suppose -28*y = -t*y - r. What is the units digit of y?
1
Suppose -2*i + 3877 = -3*j, 5*i - 4767 - 4928 = 5*j. Suppose 4*k + 4*r + r - 1940 = 0, -4*r - i = -4*k. What is the hundreds digit of k?
4
Suppose -3*o + 8360 = -4330. What is the units digit of (o/9 + (-1)/(-1))/1?
1
Let y be 17126/10 - (-2 - (-39)/15). Suppose -4*n = -0*n - y. Suppose -n - 404 = -8*m. What is the units digit of m?
4
Suppose 4*w + x - 177603 = 0, -52*w + 133176 = -49*w - 3*x. What is the units digit of w?
9
Suppose 337626 = -50*m + 633569 + 610207. What is the thousands digit of m?
8
Suppose 18*a - 276265 = -37*a. What is the thousands digit of a?
5
Let z(r) = -3368*r - 3305. What is the thousands digit of z(-6)?
6
Let a(m) = 5*m**2 + m - 6. Let j be a(4). Suppose 3*k = j - 87. What is the tens digit of 593/7 + ((-76)/28 - k)?
8
Suppose 0 = 2*l + f - 14547 - 29929, -f + 22241 = l. What is the hundreds digit of l?
2
Let r = -15648 + 37380. What is the hundreds digit of r?
7
Let z(g) = -4*g**3 + 5*g**3 + 6*g**3 + 5*g + 7*g**2 - 6*g**3 - 11. What is the tens digit of z(-5)?
1
Let o be ((-3)/2)/((-2)/(-8)*-2). Suppose 5*r - 983 = -o*i, -80 = -i - 2*r + 246. What is the hundreds digit of i?
3
Suppose 126 = -45*k + 38*k. What is the units digit of 108/243 - 10/k?
1
Suppose 4*f + 4*a = 138356 + 34232, -2*f + 2*a + 86306 = 0. What is the tens digit of f?
5
Let h(y) = 2*y**2 - 8*y + 10. Let a(o) = o**2 + 5*o - 2. Let k be a(-6). Let c be h(k). Let x(s) = 18*s + 10. What is the hundreds digit of x(c)?
1
Let o = -235 - -262. Suppose -355 = o*s - 10426. What is the hundreds digit of s?
3
Suppose 0 = 4*f - 12, h - 10 - 7 = f. Suppose 0*j - j - 4 = 0, -5*j = -p + h. Suppose p = 13*n - 17*n + 76. What is the tens digit of n?
1
Let q(b) = 4287*b - 3535. What is the units digit of q(4)?
3
Let w be ((-11288)/(-14))/1 - (-34)/(-119). Let m = -554 + w. What is the tens digit of m?
5
Let q be (2/6 - 1)*36/(-2). Let p(h) be the second derivative of -h**4/12 + 3*h**3 + 14*h**2 - 21*h. What is the tens digit of p(q)?
0
Let l(a) = -2*a - 47. Let d be l(-22). Let u be 2/d + 3543/9 - 0. Suppose 5*x = 3*c + 482, -2*c = 4*x + 3*c - u. What is the tens digit of x?
9
Suppose 2*l + 2*d = 20144, -85*l + 88*l - 30210 = -d. What is the hundreds digit of l?
0
What is the units digit of 17737 + (-24)/(-30)*90/12?
3
Let t = 18452 - 11325. What is the tens digit of t?
2
Let a = 245 - 243. Suppose -a*w - 793 = -5*w + 5*n, -5*w - 2*n + 1363 = 0. What is the tens digit of w?
7
Let a = -560 + 563. Suppose -v + 1150 = s - 377, 1537 = v + a*s. What is the units digit of v?
2
Let x(v) = 4*v**2 + 60*v + 10. Let q be x(-18). Suppose -8 = -13*z + q. What is the tens digit of z?
1
Let h(w) = -14*w**3 - 7*w**2 + 8*w + 21. Let b be h(-6). Suppose b = -43*y + 52*y. What is the hundreds digit of y?
3
Suppose 4*w - 2680 = -4*v, -7*w - 2*v - 661 = -8*w. Suppose l - w = -34. What is the units digit of l?
3
Suppose 0 = -3*z + 12, -5*z - 1644 = -5*g + 711. Let r = g + -329. What is the units digit of r?
6
Let i be 1*6580/7 + -1. Suppose 0 = -5*d - i + 5124. What is the units digit of d?
7
Let s(l) = -8 + 130 - l - 73. What is the units digit of s(-15)?
4
Let s be (-1024)/(-40) - -5 - (-2)/5. Let l = s - 23. What is the hundreds digit of ((-26)/l)/(8/(-704))?
2
Let w(z) = -z**3 - 14*z**2 - 19*z - 6. Let n(q) = -6*q - 7. Let i be n(-2). Suppose 0 = 5*a + 60 + i. What is the tens digit of w(a)?
7
Suppose -4*s + 5*d + 457 = 0, -2